 and j?
10
Suppose -w = 4*w - 40. Suppose 0*t = 5*t + 5. Let y = w + t. Calculate the greatest common factor of 49 and y.
7
Suppose 3*l + l - 20 = 0. What is the highest common divisor of l and 55?
5
Suppose 1 = -2*k + 9. What is the highest common divisor of k and 4?
4
Suppose 2*s = 595 - 155. Let l = 396 - s. What is the greatest common factor of 16 and l?
16
Let m be 53 - (-6 + 2)/4. Suppose -3*p + 2*a - m = -5*p, -49 = -2*p - 3*a. Calculate the greatest common divisor of 80 and p.
16
Let x be 48/(-2)*2/4. Let y = -1 - x. Suppose i = 2, 0 = 4*c + 106*i - 108*i. Calculate the greatest common factor of c and y.
1
Suppose 3*t = 0, -157 = -4*q + 2*t + 87. Let x = 89 - q. What is the highest common divisor of 224 and x?
28
Let f(o) = o**3 + 15*o**2 - 2*o + 18. Let l be f(-15). Calculate the greatest common factor of 12 and l.
12
Suppose 2*t + 4 = -5*s, -3*t + 2*s + 40 = t. Let c be (-8)/(-6)*132/t. What is the highest common divisor of c and 11?
11
Let j = 8 - 8. Suppose k + 0*k - 5*q = 72, 3*k - 5*q - 216 = j. What is the highest common factor of k and 8?
8
Suppose 3*k - 6 = 2*k. Suppose -5 = -d, 5*d - k = 2*g - 3. Suppose 3*r = -0*r + 66. What is the greatest common factor of r and g?
11
Suppose -17 - 25 = -3*x. Let v be x + -3*1/(-3). What is the highest common divisor of v and 15?
15
Let p(r) = -2*r + 15. Let w be p(6). Suppose -208 = 3*a - 715. Suppose -w*b + 119 = 5*f, 4*f = 3*b - f - a. Calculate the highest common divisor of b and 6.
6
Let s be (5 + 0)/((-1)/(-7)). Let i be (-1 - (-4 + 1)) + -5. Let b be ((-7)/i + -4)*-3. What is the greatest common divisor of s and b?
5
Suppose 4 = 2*h - 10. Let p be (-46)/14 - 6/(-21). Let c be (p/6)/((-2)/308). What is the greatest common divisor of h and c?
7
Let m = 8 + -5. Suppose 22 = 4*g + 6. Suppose 0 = -g*d - d + 30. Calculate the highest common divisor of m and d.
3
Let f(q) = q**3 + 8*q**2 - 14*q - 13. Let j be f(-9). Calculate the highest common factor of j and 16.
16
Let h(z) be the first derivative of -5*z**2/2 - 6*z - 7. Let k be h(-9). What is the greatest common factor of 13 and k?
13
Suppose 0 = -4*m + 8*m - 980. What is the greatest common divisor of 35 and m?
35
Let f = -42 + 47. Let h be (-4)/18 - (-92)/9. What is the greatest common factor of f and h?
5
Let m be (2/(-4))/((-4)/320). Calculate the highest common factor of m and 16.
8
Suppose 3*o - 20 = -2*g + 4*o, -16 = -g + 2*o. What is the highest common divisor of g and 20?
4
Suppose 2 = k - 1. Let b be 1/k + (-5)/(-3). Suppose u - 2*h = -4*u + 170, -b*h + 46 = u. What is the highest common factor of 9 and u?
9
Let p(n) = -4*n**3 - n**2 - 1. Let y be p(-2). What is the greatest common factor of y and 36?
9
Suppose -3*q = -15, 4*x - 62 - 92 = -2*q. Let z be ((-90)/(-35))/((-3)/(-14)). Calculate the highest common divisor of x and z.
12
Suppose -20 = -0*m - 4*m. Suppose v + 9 + 149 = 5*c, -c - m*v + 42 = 0. Calculate the highest common factor of c and 48.
16
Suppose 13 - 5 = 4*m - b, -3*m = 4*b - 6. Let a be (-4 + -2)*m/(-4). What is the greatest common factor of 6 and a?
3
Suppose 2*w = 5 - 1, -5*a - w + 7 = 0. Let q(r) = r - 1. Let u be q(2). What is the greatest common divisor of u and a?
1
Let r be (-32)/12*6/(-4). Let v = 13 + -6. Suppose -v*c + 2*c + 153 = r*x, 0 = -4*x + 5*c + 103. Calculate the greatest common factor of x and 16.
16
Suppose 0 = 15*o - 553 - 77. Suppose -3*v + 21 = t, -2*v + 0*v + 6 = -2*t. Calculate the highest common divisor of v and o.
6
Let r be (-4)/(-8) - 14/(-4). Suppose 0 = 2*w + 1 - 17. Calculate the greatest common divisor of r and w.
4
Suppose 201 = 4*s - 5*c - 16, 4*s - 2*c - 202 = 0. What is the highest common factor of s and 4?
4
Let m(k) = 2*k - 10. Let t be m(7). Suppose 0 = -2*f, 5*l + 0*l + 15 = -f. Let p be -1*l/((-6)/(-8)). Calculate the highest common divisor of t and p.
4
Let q(w) = 3*w**2 + 3*w - 5. Let z be (-8)/12 - (-17)/3. Let l be q(z). What is the greatest common divisor of 17 and l?
17
Let h(f) = -f**3 - 6*f**2 - 4*f - 3. Let m(n) = -n**2 + 4*n - 1. Let x be m(5). Let c be h(x). Calculate the greatest common divisor of c and 14.
7
Let k(m) = 2*m + 3. Let g be k(0). Suppose a = -4*v, 2*v - g*a + 5 = 19. What is the greatest common factor of v and 9?
1
Suppose 0 = -2*f - 9*f + 165. Let z be 4*-1*3/(-4). Calculate the highest common factor of f and z.
3
Suppose 2*w - 7 = 2*o - 5*o, 3*w + o + 7 = 0. Let n(f) = -6*f - 2. Let m be n(w). What is the greatest common divisor of 2 and m?
2
Let m = 120 - 100. Let u be 2/4*(1 - -9). What is the highest common factor of u and m?
5
Let v = -6 + 5. Let o = v - 3. Let u(p) = -p - 2. Let l be u(o). What is the greatest common divisor of 1 and l?
1
Let h be ((-14)/(-4))/((-2)/44). Let q be (-14)/h + (-75)/(-11). Calculate the highest common divisor of 28 and q.
7
Let i(h) = h**2 - 7*h + 18. Let b be i(8). What is the highest common divisor of 39 and b?
13
Let l be 30/9*(0 + -3). Let d be 2/5 + (-56)/l. Calculate the highest common divisor of d and 6.
6
Let d(v) = -6 + 3*v - v - 4*v. Let j be d(-7). Calculate the highest common divisor of 12 and j.
4
Suppose -3*g + 5*g = 4. Let s be 2/(-4) - (-43)/g. Let c(a) = 25*a**2 + 4*a - 3. Let r be c(2). What is the greatest common factor of r and s?
21
Suppose -2*p - 61 = -3*b - 6*p, -5*b + 2*p + 145 = 0. Calculate the highest common divisor of 135 and b.
27
Let v(q) = 5*q**2. Let w be v(3). Let d be -2*(8/(-16) - (3 - 1)). What is the greatest common divisor of d and w?
5
Let w be (-28*(-1)/(-5))/(32/(-80)). Let x be 7/2 - (-2)/(-4). Suppose -4*d - 226 = -x*p, -4*p = -0*p - d - 284. What is the highest common divisor of w and p?
14
Suppose -3*a + 93 = 5*r, 4*a + 6 + 8 = r. What is the highest common factor of 18 and r?
18
Suppose -15*f = -3*f - 144. What is the highest common divisor of f and 276?
12
Suppose -39 + 5 = -c. Suppose 805 = 5*j - 4*v, 0*v = -4*v - 20. Suppose 5*w - 4*w + j = 3*x, 12 = -3*w. Calculate the greatest common divisor of c and x.
17
Suppose -p + 8 = -2*u - 14, 0 = 2*u - 6. Suppose 0 = 12*t + 3 - 51. What is the greatest common factor of t and p?
4
Suppose 9*w - 7*w - 216 = 0. Calculate the highest common factor of w and 12.
12
Let p = -65 + 103. Calculate the greatest common factor of 342 and p.
38
Suppose 0 = 8*m - 361 - 63. Calculate the highest common divisor of m and 265.
53
Let d be 1 - -27 - (-3 - -5). Let r = 98 - d. Calculate the greatest common factor of r and 9.
9
Suppose 5*k - 4*j + 57 = 0, 0 = 2*k + 3*k - 3*j + 54. Let i = k + 24. What is the highest common divisor of 45 and i?
15
Suppose -4*i - k + 2628 = -6*k, -4*i - 3*k + 2596 = 0. Let w be i/18 - 2/9. Calculate the greatest common factor of 24 and w.
12
Let l be 93/9 - (-4)/6. Calculate the greatest common divisor of l and 22.
11
Let g be -1 + (-4)/8*-20. Calculate the highest common factor of g and 9.
9
Let y be ((-3)/9)/((-1)/6). Calculate the highest common factor of y and 3.
1
Suppose 2*d = -2*b + 6*d + 16, d = -5*b - 15. Let j be (-15)/b - (-15)/10. What is the greatest common divisor of 36 and j?
9
Let s(m) = -m**2 + 9*m + 14. Let w be s(8). Calculate the greatest common divisor of 44 and w.
22
Let q(v) = -18*v. Let w be q(-4). Calculate the greatest common factor of 96 and w.
24
Let d = -91 + 110. Suppose -3*q = 2*q + 2*p - 750, 740 = 5*q + 4*p. What is the greatest common factor of q and d?
19
Let k = -6 + 22. Let b be (-2)/9 + 578/9. What is the highest common divisor of k and b?
16
Let h be 7 - (-1 + 2 + 2). Suppose -4*k = 4*r + h, 23 - 3 = 4*r - 2*k. Let f be (-142)/(-6) + 1/3. What is the highest common factor of f and r?
3
Suppose -2*j - 4 = -16. What is the greatest common factor of 6 and j?
6
Let q(f) = f**2 + 8*f - 1. Let s be q(-9). Suppose 15 = -3*u + s*u. What is the highest common factor of u and 12?
3
Let p(l) = l**2 - 8*l - 8. Let k be p(-2). Suppose -d = -5*d + 12. Calculate the greatest common divisor of k and d.
3
Suppose -15 = 3*h, -2*x - 5*h - 12 = 7. Suppose x*q - 18 - 12 = -2*i, 5*i + 4*q = 68. What is the highest common divisor of 12 and i?
12
Suppose 3*q = 199 + 65. Let s(u) = -5*u - 5. Let h be s(-7). Suppose -3*y = 4*o - 41, 4*o - h = -0*y - 2*y. Calculate the greatest common factor of y and q.
11
Let h = 41 - 29. Suppose -h = -5*v + 2*v. Let z be (12 + -6)*14/v. Calculate the hig